44. Give a(3).
-108
Let c(w) = -79*w - 969. Determine c(-12).
-21
Let g(j) = 25*j**3 + 30*j - 30. Give g(1).
25
Let s(i) = 2*i**2 + 327*i + 149. Calculate s(-163).
-14
Let y(n) = -n**2 - 29*n + 293. What is y(8)?
-3
Let p(x) = 61*x**2 - 127*x + 66. What is p(1)?
0
Let p(n) = 6*n**3 - 70*n**2 + 34*n + 25. Determine p(11).
-85
Let l(n) = -330*n - 976. Calculate l(-3).
14
Let w(r) = -2*r**3 + 30*r**2 - 48*r - 49. Calculate w(13).
3
Let f(q) = -4*q**2 - 163*q + 167. What is f(-42)?
-43
Let r(c) = -3*c**3 - c**2 - 35*c - 68. Give r(-2).
22
Let w(m) = -m**3 + 21*m**2 - 59*m + 312. What is w(19)?
-87
Let f(a) = a**3 + 36*a**2 + 132*a - 31. Calculate f(-5).
84
Let n(f) = -95*f**3 + 24*f + 23. Give n(-1).
94
Let o(w) = -26*w - 421. Determine o(-16).
-5
Let q(o) = 317*o + 11734. Calculate q(-37).
5
Let i(l) = -336*l - 2696. Calculate i(-8).
-8
Let l(w) = -162*w - 1845. Calculate l(-12).
99
Let k(g) = 2*g**2 + 28*g + 79. Calculate k(-4).
-1
Let z(a) = -a**3 - 11*a**2 + 30*a - 33. Determine z(-14).
135
Let l(a) = -2*a**3 + 100*a**2 - 179*a - 56. What is l(48)?
568
Let q(u) = -u**2 + 17*u - 54. Determine q(6).
12
Let n(p) = -5*p**2 - 25*p + 128. Give n(6).
-202
Let v(h) = 2*h**3 - 36*h**2 - 74*h - 21. Calculate v(20).
99
Let g(l) = 13*l + 121. Calculate g(-29).
-256
Let o(c) = 124*c + 12169. What is o(-98)?
17
Let i(c) = c**3 - 29*c**2 + 56*c - 1624. What is i(29)?
0
Let r(x) = -2*x - 118. Give r(-58).
-2
Let k(n) = 12*n - 36. What is k(-4)?
-84
Let n(z) = -48*z**2 - z - 4. Calculate n(1).
-53
Let a(g) = -3*g**3 - 12*g**2 - 8*g + 5. Give a(-4).
37
Let g(p) = -769*p + 33819. Determine g(44).
-17
Let o(j) = j**2 + 19*j + 35. Determine o(-17).
1
Let a(w) = 2*w**2 + 14*w - 48. Give a(-10).
12
Let r(i) = 2*i**3 + 36*i**2 - 35*i - 22. Determine r(-19).
-79
Let y(c) = c**3 - 75*c**2 + 57*c + 642. Calculate y(74).
-616
Let v(l) = -l**2 - 15*l - 7. Determine v(-9).
47
Let j(f) = -699*f - 11190. Give j(-16).
-6
Let v(s) = -20*s + 687. Determine v(43).
-173
Let j(w) = 31*w**2 + 3*w - 38. Give j(4).
470
Let g(x) = -x**3 - 57*x**2 + 123*x + 287. Determine g(-59).
-8
Let v(r) = -78*r + 3. Calculate v(-2).
159
Let j(s) = -s**2 + 58*s + 54. What is j(0)?
54
Let y(t) = 15*t + 138. What is y(-10)?
-12
Let o(r) = 66*r - 9527. Calculate o(146).
109
Let s(a) = -39*a - 474. Give s(-12).
-6
Let x(a) = -43*a - 158. Determine x(-6).
100
Let w(h) = 289*h - 857. Calculate w(3).
10
Let c(s) = 235*s + 3317. Calculate c(-14).
27
Let v(l) = 27*l**2 + 1594*l + 57. Give v(-59).
-2
Let q(u) = 3*u**2 - 399*u - 2499. Calculate q(139).
3
Let t(h) = -15*h**2 - 193*h - 379. What is t(-2)?
-53
Let v(s) = 10*s**2 - 41*s - 833. Give v(11).
-74
Let t(u) = -33*u**2 - 394*u + 27. Determine t(-12).
3
Let r(n) = 4*n + 277. Give r(-27).
169
Let q(n) = -n**2 - 15*n - 70. Determine q(0).
-70
Let j(m) = 71*m - 30. What is j(3)?
183
Let p(a) = 368*a**2 - 19*a - 18. Give p(-1).
369
Let l(t) = 8*t**3 + 4*t**2 - 13*t - 37. Determine l(-2).
-59
Let p(k) = -k**3 - 17*k**2 + k - 15. What is p(-17)?
-32
Let n(q) = 2*q**2 - 65*q + 73. What is n(32)?
41
Let s(h) = -h**2 + 59*h - 26. Determine s(63).
-278
Let m(q) = 2*q**3 + 282*q**2 + 2373*q - 32. Calculate m(-9).
-5
Let j(t) = 78*t + 149. Determine j(-7).
-397
Let n(k) = -76*k - 1369. Give n(-18).
-1
Let b(v) = -2*v**2 - 3*v + 124. Determine b(7).
5
Let m(u) = -u**3 + u**2 - 60*u - 278. What is m(-5)?
172
Let x(h) = -82*h + 421. Determine x(14).
-727
Let z(k) = -2*k**2 - 4444*k - 13321. Give z(-3).
-7
Let d(n) = n**2 - 102*n + 997. Give d(11).
-4
Let i(o) = -35*o**2 - 1190*o - 6. Give i(-34).
-6
Let q(t) = 101*t**2 + 123*t + 23. What is q(-1)?
1
Let v(d) = 3*d**2 - 8*d - 114. Determine v(0).
-114
Let p(o) = 101*o - 1311. What is p(13)?
2
Let p(g) = 2178*g - 8707. Determine p(4).
5
Let f(r) = 146*r + 882. Determine f(-6).
6
Let x(s) = 12*s**2 + 51*s - 11. Calculate x(-4).
-23
Let n(i) = 15*i - 427. Give n(29).
8
Let w(n) = n**2 + n - 37. Determine w(13).
145
Let r(f) = 7*f**2 - 76*f + 518. Calculate r(8).
358
Let y(o) = -131*o + 789. Determine y(6).
3
Let j(i) = -2*i + 272. Calculate j(28).
216
Let y(k) = k**3 - 74*k**2 + 639*k + 76. Give y(64).
12
Let j(o) = -4*o**2 - 32*o - 8. Calculate j(-6).
40
Let z(h) = -137*h - 6700. Give z(-49).
13
Let a(w) = -w**3 - 3*w**2 + 163*w + 243. Give a(12).
39
Let g(s) = 4*s**3 - 8*s**2 - 9*s + 4. Determine g(4).
96
Let t(x) = -2*x**2 - 8*x - 28. Determine t(-11).
-182
Let r(o) = -o**3 - 46*o**2 + 5*o - 7. Determine r(-46).
-237
Let j(k) = 33*k - 226. Determine j(7).
5
Let i(z) = -z - 13. Give i(-30).
17
Let s(z) = -z**3 - 38*z**2 + 217*z + 143. Determine s(-43).
57
Let h(l) = -4*l**3 + 36*l**2 - 8*l + 65. Give h(9).
-7
Let r(a) = 9*a - 97. Calculate r(-10).
-187
Let a(m) = -4*m**2 - 225*m - 492. Calculate a(-54).
-6
Let n(o) = 27*o + 137. What is n(-6)?
-25
Let u(d) = 43*d**2 + 261*d + 7. Determine u(-6).
-11
Let p(g) = -299*g - 15547. Give p(-52).
1
Let k(z) = -43*z - 573. Give k(-13).
-14
Let k(p) = -5*p**2 - 102*p + 32. Calculate k(-21).
-31
Let z(m) = 7*m**2 - 257*m - 69. Determine z(37).
5
Let y(v) = v**3 + 13*v**2 + 44*v - 37. Determine y(-5).
-57
Let o(q) = 40*q + 939. What is o(-31)?
-301
Let n(y) = 11346*y - 158831. Give n(14).
13
Let x(s) = s**2 - 50*s - 453. Give x(-8).
11
Let j(u) = -12*u**3 - 45*u**2 + 244*u - 7. What is j(3)?
-4
Let x(a) = 112*a + 10113. Give x(-89).
145
Let t(q) = 155*q - 3656. What is t(24)?
64
Let y(r) = 14*r**2 - 866*r - 138. Give y(62).
-14
Let w(i) = 80*i + 245. What is w(0)?
245
Let t(k) = -k**2 + 46*k - 438. Calculate t(13).
-9
Let p(s) = -s**3 + 8*s**2 + 174*s + 372. Determine p(-8).
4
Let n(y) = -2*y + 117. What is n(-25)?
167
Let t(i) = 2*i**2 + 214*i + 913. What is t(-103)?
89
Let g(q) = q**3 + 15*q**2 - 7*q - 15. Determine g(-16).
-159
Let a(y) = -3*y**3 + 21*y**2 - 24*y + 60. Calculate a(8).
-324
Let b(y) = -239*y**2 - 19*y. Give b(-1).
-220
Let g(z) = -2*z**3 - 79*z**2 + 211*z + 56. Give g(-42).
14
Let j(v) = -14*v**2 + 88*v - 88. Determine j(2).
32
Let j(y) = y**3 + 52*y**2 - 2*y + 52. Give j(-52).
156
Let u(g) = -29*g**2 + 112*g + 16. Give u(7).
-621
Let u(m) = -142*m - 3. Calculate u(-1).
139
Let c(r) = r**3 - 9*r**2 - 21*r + 60. Calculate c(8).
-172
Let b(i) = i**3 - 22*i**2 + 19*i + 24. Determine b(21).
-18
Let w(r) = 12*r**2 - 19*r + 14. Calculate w(2).
24
Let y(u) = -4*u**2 - 4*u + 5. Calculate y(-2).
-3
Let g(u) = 2*u**3 - 9*u**2 + 19*u - 65. What is g(3)?
-35
Let h(b) = 164*b - 2828. What is h(16)?
-204
Let k(d) = 2*d**2 - 319*d + 1259. Calculate k(4).
15
Let z(l) = 7*l - 47. Calculate z(-11).
-124
Let y(s) = 2*s**2 - 92*s - 1114. Determine y(56).
6
Let a(p) = -17*p**2 - 403*p - 638. Determine a(-22).
0
Let m(i) = -i**3 - 26*i**2 + 35*i + 202. What is m(-27)?
-14
Let f(d) = -572*d + 54915. Calculate f(96).
3
Let w(j) = 27*j - 557. Determine w(21).
10
Let g(k) = -41*k - 2166. Determine g(-53).
7
Let c(j) = -4*j**2 - 245*j + 244. Calculate c(1).
-5
Let r(t) = -37*t - 580. What is r(-16)?
12
Let p(u) = -9*u**2 + 58*u + 835. What is p(-7)?
-12
Let s(o) = -3*o**3 + 97*o**2 + 65*o + 37. What is s(33)?
4
Let x(r) = r + 89. Calculate x(27).
116
Let g(k) = -639*k + 3838. Calculate g(6).
4
Let m(s) = -s**3 - 4*s**2 + 23*s + 12. Determine m(-7).
-2
Let f(r) = -9*r + 13. Determine f(-3).
40
Let h(g) = g**3 + 11*g**2 + 18*g - 34. Give h(-5).
26
Let f(r) = r**3 + 9*r**2 - 55*r - 437. Calculate f(-11).
-74
Let p(s) = 83*s - 500. What is p(6)?
-2
Let a(s) = -28*s - 1103. Calculate a(-40).
17
Let w(f) = -9*f - 108. Determine w(-12).
0
Let k(m) = 123*m**2 - 94*m + 95. Calculate k(1).
124
Let q(m) = m**3 - 12*m**2 + 15*m + 22. Determine q(10).
-28
Let p(z) = 109*z - 448. What is p(4)?
-12
Let r(l) = -50*l + 3962. What is r(79)?
12
Let t(n) = 23*n**2 - 244*n + 147. Give t(10).
7
Let d(t) = -t**3 - 15*t**2 + 53*t - 25. Calculate d(-18).
-7
Let z(t) = -4*t**2 + 328*t - 2888. Give z(10).
-8
Let j(y) = 5*y**2 + 202*y - 177. Calculate j(-41).
-54
Let m(l) = 7*l - 111. Determine m(-17).
-230
Let r(z) = -5*z**2 - 365*z + 281. Calculate r(-73).
281
Let m(v) = -6*v**2 + 53*v + 74. What is m(10)?
4
Let t(b) = 8*b + 65. Give t(-9).
-7
Let v(i) = -i**3 - 17*i**2 - 44*i - 25. What is v(-14)?
3
Let o(g) = -g**3 + 23*g**2 + 18*g - 415. Give o(23).
-1
Let s(u) = -24*u + 11. What is s(3)?
-61
Let q(i) = 19*i